[INFO] cloning repository https://github.com/naomijub/atm-crux
[INFO] running `Command { std: "git" "-c" "credential.helper=" "-c" "credential.helper=/workspace/cargo-home/bin/git-credential-null" "clone" "--bare" "https://github.com/naomijub/atm-crux" "/workspace/cache/git-repos/https%3A%2F%2Fgithub.com%2Fnaomijub%2Fatm-crux", kill_on_drop: false }`
[INFO] [stderr] Cloning into bare repository '/workspace/cache/git-repos/https%3A%2F%2Fgithub.com%2Fnaomijub%2Fatm-crux'...
[INFO] running `Command { std: "git" "rev-parse" "HEAD", kill_on_drop: false }`
[INFO] [stdout] 1b8e9408d11b467a61388a4ae405e6d73057c063
[INFO] checking naomijub/atm-crux against master#cfbc6d4cf1acbac5c025acf8ed68929caa551df3 for pr-75494-beta
[INFO] running `Command { std: "git" "clone" "/workspace/cache/git-repos/https%3A%2F%2Fgithub.com%2Fnaomijub%2Fatm-crux" "/workspace/builds/worker-3/source", kill_on_drop: false }`
[INFO] [stderr] Cloning into '/workspace/builds/worker-3/source'...
[INFO] [stderr] done.
[INFO] validating manifest of git repo https://github.com/naomijub/atm-crux on toolchain cfbc6d4cf1acbac5c025acf8ed68929caa551df3
[INFO] running `Command { std: "/workspace/cargo-home/bin/cargo" "+cfbc6d4cf1acbac5c025acf8ed68929caa551df3" "read-manifest" "--manifest-path" "Cargo.toml", kill_on_drop: false }`
[INFO] started tweaking git repo https://github.com/naomijub/atm-crux
[INFO] finished tweaking git repo https://github.com/naomijub/atm-crux
[INFO] tweaked toml for git repo https://github.com/naomijub/atm-crux written to /workspace/builds/worker-3/source/Cargo.toml
[INFO] crate git repo https://github.com/naomijub/atm-crux already has a lockfile, it will not be regenerated
[INFO] running `Command { std: "/workspace/cargo-home/bin/cargo" "+cfbc6d4cf1acbac5c025acf8ed68929caa551df3" "fetch" "--locked" "--manifest-path" "Cargo.toml", kill_on_drop: false }`
[INFO] [stderr]     Blocking waiting for file lock on package cache
[INFO] [stderr]     Blocking waiting for file lock on package cache
[INFO] [stderr]  Downloading crates ...
[INFO] [stderr]   Downloaded iced_style v0.1.0
[INFO] [stderr]   Downloaded clipboard_macos v0.1.0
[INFO] [stderr]   Downloaded iced_futures v0.1.2
[INFO] [stderr]   Downloaded iced_native v0.2.2
[INFO] [stderr]   Downloaded iced_web v0.2.1
[INFO] [stderr]   Downloaded svg_fmt v0.2.1
[INFO] [stderr]   Downloaded ndk v0.1.1
[INFO] [stderr]   Downloaded wgpu_glyph v0.7.0
[INFO] [stderr]   Downloaded clipboard_wayland v0.1.0
[INFO] [stderr]   Downloaded ndk-sys v0.1.1
[INFO] [stderr]   Downloaded iced_wgpu v0.2.3
[INFO] [stderr]   Downloaded smithay-clipboard v0.3.7
[INFO] [stderr]   Downloaded assert-json-diff v1.1.0
[INFO] [stderr]   Downloaded iced v0.1.1
[INFO] [stderr]   Downloaded guillotiere v0.4.4
[INFO] [stderr]   Downloaded clipboard_x11 v0.1.0
[INFO] [stderr]   Downloaded window_clipboard v0.1.1
[INFO] [stderr]   Downloaded iced_winit v0.1.0
[INFO] [stderr]   Downloaded iced_core v0.2.1
[INFO] [stderr]   Downloaded edn-rs v0.10.4
[INFO] [stderr]   Downloaded transistor v1.0.0-beta.2
[INFO] running `Command { std: "docker" "create" "-v" "/var/lib/crater-agent-workspace/builds/worker-3/target:/opt/rustwide/target:rw,Z" "-v" "/var/lib/crater-agent-workspace/builds/worker-3/source:/opt/rustwide/workdir:ro,Z" "-v" "/var/lib/crater-agent-workspace/cargo-home:/opt/rustwide/cargo-home:ro,Z" "-v" "/var/lib/crater-agent-workspace/rustup-home:/opt/rustwide/rustup-home:ro,Z" "-e" "SOURCE_DIR=/opt/rustwide/workdir" "-e" "CARGO_TARGET_DIR=/opt/rustwide/target" "-e" "CARGO_HOME=/opt/rustwide/cargo-home" "-e" "RUSTUP_HOME=/opt/rustwide/rustup-home" "-w" "/opt/rustwide/workdir" "-m" "1610612736" "--user" "0:0" "--network" "none" "rustops/crates-build-env@sha256:a636fd89d022f18117e1dc8fb37a0a009933cdbbe082814857f0e2024962d47c" "/opt/rustwide/cargo-home/bin/cargo" "+cfbc6d4cf1acbac5c025acf8ed68929caa551df3" "metadata" "--no-deps" "--format-version=1", kill_on_drop: false }`
[INFO] [stdout] f331bbae12e5322bcbf47cdb84c7d124e64c83abd2e041e661de23ff63f881b2
[INFO] [stderr] WARNING: Your kernel does not support swap limit capabilities or the cgroup is not mounted. Memory limited without swap.
[INFO] running `Command { std: "docker" "start" "-a" "f331bbae12e5322bcbf47cdb84c7d124e64c83abd2e041e661de23ff63f881b2", kill_on_drop: false }`
[INFO] running `Command { std: "docker" "inspect" "f331bbae12e5322bcbf47cdb84c7d124e64c83abd2e041e661de23ff63f881b2", kill_on_drop: false }`
[INFO] running `Command { std: "docker" "rm" "-f" "f331bbae12e5322bcbf47cdb84c7d124e64c83abd2e041e661de23ff63f881b2", kill_on_drop: false }`
[INFO] [stdout] f331bbae12e5322bcbf47cdb84c7d124e64c83abd2e041e661de23ff63f881b2
[INFO] running `Command { std: "docker" "create" "-v" "/var/lib/crater-agent-workspace/builds/worker-3/target:/opt/rustwide/target:rw,Z" "-v" "/var/lib/crater-agent-workspace/builds/worker-3/source:/opt/rustwide/workdir:ro,Z" "-v" "/var/lib/crater-agent-workspace/cargo-home:/opt/rustwide/cargo-home:ro,Z" "-v" "/var/lib/crater-agent-workspace/rustup-home:/opt/rustwide/rustup-home:ro,Z" "-e" "SOURCE_DIR=/opt/rustwide/workdir" "-e" "CARGO_TARGET_DIR=/opt/rustwide/target" "-e" "CARGO_INCREMENTAL=0" "-e" "RUST_BACKTRACE=full" "-e" "RUSTFLAGS=--cap-lints=forbid" "-e" "CARGO_HOME=/opt/rustwide/cargo-home" "-e" "RUSTUP_HOME=/opt/rustwide/rustup-home" "-w" "/opt/rustwide/workdir" "-m" "1610612736" "--user" "0:0" "--network" "none" "rustops/crates-build-env@sha256:a636fd89d022f18117e1dc8fb37a0a009933cdbbe082814857f0e2024962d47c" "/opt/rustwide/cargo-home/bin/cargo" "+cfbc6d4cf1acbac5c025acf8ed68929caa551df3" "check" "--frozen" "--all" "--all-targets" "--message-format=json", kill_on_drop: false }`
[INFO] [stdout] 631dcd4eb2a8c4214df67b8338220cf1fbc056747fda40fc9987f2d32f589fa9
[INFO] [stderr] WARNING: Your kernel does not support swap limit capabilities or the cgroup is not mounted. Memory limited without swap.
[INFO] running `Command { std: "docker" "start" "-a" "631dcd4eb2a8c4214df67b8338220cf1fbc056747fda40fc9987f2d32f589fa9", kill_on_drop: false }`
[INFO] [stderr]    Compiling libc v0.2.74
[INFO] [stderr]     Checking lazy_static v1.4.0
[INFO] [stderr]    Compiling pkg-config v0.3.18
[INFO] [stderr]     Checking slab v0.4.2
[INFO] [stderr]    Compiling proc-macro2 v0.4.30
[INFO] [stderr]    Compiling unicode-xid v0.1.0
[INFO] [stderr]    Compiling byteorder v1.3.4
[INFO] [stderr]    Compiling proc-macro2 v1.0.19
[INFO] [stderr]    Compiling cc v1.0.58
[INFO] [stderr]    Compiling version_check v0.9.2
[INFO] [stderr]    Compiling unicode-xid v0.2.1
[INFO] [stderr]    Compiling memchr v2.3.3
[INFO] [stderr]    Compiling syn v1.0.36
[INFO] [stderr]     Checking scopeguard v1.1.0
[INFO] [stderr]    Compiling pin-project-internal v0.4.23
[INFO] [stderr]     Checking rustc-hash v1.1.0
[INFO] [stderr]    Compiling xml-rs v0.8.3
[INFO] [stderr]    Compiling libloading v0.6.2
[INFO] [stderr]    Compiling proc-macro-hack v0.5.18
[INFO] [stderr]    Compiling semver-parser v0.7.0
[INFO] [stderr]     Checking ppv-lite86 v0.2.8
[INFO] [stderr]     Checking itoa v0.4.6
[INFO] [stderr]     Checking fnv v1.0.7
[INFO] [stderr]     Checking bytes v0.5.6
[INFO] [stderr]     Checking downcast-rs v1.2.0
[INFO] [stderr]    Compiling serde v1.0.114
[INFO] [stderr]     Checking foreign-types-shared v0.1.1
[INFO] [stderr]    Compiling httparse v1.3.4
[INFO] [stderr]     Checking matches v0.1.8
[INFO] [stderr]    Compiling native-tls v0.2.4
[INFO] [stderr]    Compiling ryu v1.0.5
[INFO] [stderr]     Checking colorful v0.2.1
[INFO] [stderr]     Checking iced_core v0.2.1
[INFO] [stderr]     Checking openssl-probe v0.1.2
[INFO] [stderr]     Checking smallvec v1.4.1
[INFO] [stderr]     Checking regex-syntax v0.6.18
[INFO] [stderr]     Checking unicode-segmentation v1.6.0
[INFO] [stderr]     Checking tower-service v0.3.0
[INFO] [stderr]    Compiling glam v0.8.7
[INFO] [stderr]     Checking svg_fmt v0.2.1
[INFO] [stderr]     Checking instant v0.1.6
[INFO] [stderr]     Checking mime v0.3.16
[INFO] [stderr]     Checking float-ord v0.2.0
[INFO] [stderr]     Checking ipnet v2.3.0
[INFO] [stderr]    Compiling num-traits v0.2.12
[INFO] [stderr]    Compiling memoffset v0.5.5
[INFO] [stderr]    Compiling crossbeam-utils v0.7.2
[INFO] [stderr]    Compiling crossbeam-epoch v0.8.2
[INFO] [stderr]    Compiling hashbrown v0.8.1
[INFO] [stderr]    Compiling indexmap v1.5.0
[INFO] [stderr]     Checking lock_api v0.3.4
[INFO] [stderr]     Checking tracing-core v0.1.12
[INFO] [stderr]     Checking thread_local v1.0.1
[INFO] [stderr]    Compiling semver v0.9.0
[INFO] [stderr]     Checking hibitset v0.6.3
[INFO] [stderr]     Checking foreign-types v0.3.2
[INFO] [stderr]     Checking unicode-bidi v0.3.4
[INFO] [stderr]    Compiling unicase v2.6.0
[INFO] [stderr]    Compiling proc-macro-error-attr v1.0.4
[INFO] [stderr]    Compiling proc-macro-error v1.0.4
[INFO] [stderr]    Compiling generic-array v0.14.3
[INFO] [stderr]    Compiling cmake v0.1.44
[INFO] [stderr]     Checking iced_style v0.1.0
[INFO] [stderr]     Checking http v0.2.1
[INFO] [stderr]     Checking log v0.4.11
[INFO] [stderr]    Compiling x11 v2.18.2
[INFO] [stderr]    Compiling servo-fontconfig-sys v4.0.9
[INFO] [stderr]    Compiling x11-dl v2.18.5
[INFO] [stderr]     Checking encoding_rs v0.8.23
[INFO] [stderr]    Compiling rustc_version v0.2.3
[INFO] [stderr]     Checking idna v0.2.0
[INFO] [stderr]     Checking relevant v0.4.2
[INFO] [stderr]     Checking tracing v0.1.18
[INFO] [stderr]     Checking want v0.3.0
[INFO] [stderr]     Checking dlib v0.4.2
[INFO] [stderr]     Checking aho-corasick v0.7.13
[INFO] [stderr]     Checking stb_truetype v0.3.1
[INFO] [stderr]     Checking fxhash v0.2.1
[INFO] [stderr]    Compiling quote v0.6.13
[INFO] [stderr]    Compiling quote v1.0.7
[INFO] [stderr]    Compiling openssl-sys v0.9.58
[INFO] [stderr]    Compiling servo-freetype-sys v4.0.5
[INFO] [stderr]    Compiling expat-sys v2.1.6
[INFO] [stderr]    Compiling parking_lot_core v0.6.2
[INFO] [stderr]    Compiling parking_lot v0.9.0
[INFO] [stderr]     Checking wayland-sys v0.23.6
[INFO] [stderr]     Checking num_cpus v1.13.0
[INFO] [stderr]     Checking net2 v0.2.34
[INFO] [stderr]     Checking iovec v0.1.4
[INFO] [stderr]     Checking raw-window-handle v0.3.3
[INFO] [stderr]     Checking getrandom v0.1.14
[INFO] [stderr]     Checking nix v0.14.1
[INFO] [stderr]     Checking memmap v0.7.0
[INFO] [stderr]     Checking shared_library v0.1.9
[INFO] [stderr]     Checking time v0.1.43
[INFO] [stderr]     Checking parking_lot_core v0.7.2
[INFO] [stderr]     Checking socket2 v0.3.12
[INFO] [stderr]     Checking atty v0.2.14
[INFO] [stderr]     Checking dirs v1.0.5
[INFO] [stderr]    Compiling xcb v0.9.0
[INFO] [stderr]     Checking url v2.1.1
[INFO] [stderr]    Compiling mime_guess v2.0.3
[INFO] [stderr]    Compiling wayland-scanner v0.23.6
[INFO] [stderr]    Compiling syn v0.15.44
[INFO] [stderr]     Checking block-cipher v0.7.1
[INFO] [stderr]     Checking ordered-float v1.1.0
[INFO] [stderr]     Checking approx v0.3.2
[INFO] [stderr]     Checking line_drawing v0.7.0
[INFO] [stderr]     Checking euclid v0.20.14
[INFO] [stderr]     Checking gfx-hal v0.4.1
[INFO] [stderr]     Checking colored v1.9.3
[INFO] [stderr]     Checking rand_core v0.5.1
[INFO] [stderr]     Checking mio v0.6.22
[INFO] [stderr]     Checking ash v0.29.0
[INFO] [stderr]     Checking parking_lot v0.10.2
[INFO] [stderr]     Checking http-body v0.3.1
[INFO] [stderr]     Checking regex v1.3.9
[INFO] [stderr]     Checking blowfish v0.5.0
[INFO] [stderr]     Checking crossbeam-deque v0.7.3
[INFO] [stderr]     Checking rand_chacha v0.2.2
[INFO] [stderr]    Compiling openssl v0.10.30
[INFO] [stderr]     Checking freetype v0.4.1
[INFO] [stderr]     Checking bcrypt v0.8.1
[INFO] [stderr]     Checking mio-extras v2.0.6
[INFO] [stderr]     Checking tokio v0.2.22
[INFO] [stderr]     Checking rusttype v0.8.3
[INFO] [stderr]     Checking servo-fontconfig v0.4.0
[INFO] [stderr]     Checking lyon_geom v0.14.1
[INFO] [stderr]     Checking rand v0.7.3
[INFO] [stderr]     Checking edn-rs v0.10.4
[INFO] [stderr]     Checking rusttype v0.7.9
[INFO] [stderr]     Checking glyph_brush_layout v0.1.9
[INFO] [stderr]     Checking andrew v0.2.1
[INFO] [stderr]     Checking lyon_path v0.14.0
[INFO] [stderr]     Checking twox-hash v1.5.0
[INFO] [stderr]    Compiling wayland-client v0.23.6
[INFO] [stderr]    Compiling wayland-protocols v0.23.6
[INFO] [stderr]     Checking glyph_brush v0.6.3
[INFO] [stderr]     Checking serde_json v1.0.57
[INFO] [stderr]     Checking serde_urlencoded v0.6.1
[INFO] [stderr]     Checking font-kit v0.4.0
[INFO] [stderr]     Checking calloop v0.4.4
[INFO] [stderr]     Checking wayland-commons v0.23.6
[INFO] [stderr]    Compiling synstructure v0.10.2
[INFO] [stderr]     Checking rendy-memory v0.5.2
[INFO] [stderr]     Checking gfx-backend-empty v0.4.0
[INFO] [stderr]     Checking rendy-descriptor v0.5.1
[INFO] [stderr]    Compiling zerocopy-derive v0.1.4
[INFO] [stderr]    Compiling euclid_macros v0.1.0
[INFO] [stderr]     Checking tokio-util v0.3.1
[INFO] [stderr]     Checking tokio-tls v0.3.1
[INFO] [stderr]     Checking euclid v0.19.9
[INFO] [stderr]     Checking zerocopy v0.2.8
[INFO] [stderr]     Checking clipboard_x11 v0.1.0
[INFO] [stderr]     Checking guillotiere v0.4.4
[INFO] [stderr]    Compiling futures-macro v0.3.5
[INFO] [stderr]    Compiling extend v0.1.2
[INFO] [stderr]     Checking assert-json-diff v1.1.0
[INFO] [stderr]     Checking mockito v0.26.0
[INFO] [stderr]     Checking smithay-client-toolkit v0.6.6
[INFO] [stderr]     Checking gfx-backend-vulkan v0.4.3
[INFO] [stderr]     Checking pin-project v0.4.23
[INFO] [stderr]     Checking futures-util v0.3.5
[INFO] [stderr]     Checking wgpu-native v0.4.3
[INFO] [stderr]     Checking smithay-clipboard v0.3.7
[INFO] [stderr]     Checking winit v0.22.2
[INFO] [stderr]     Checking clipboard_wayland v0.1.0
[INFO] [stderr]     Checking window_clipboard v0.1.1
[INFO] [stderr]     Checking futures-executor v0.3.5
[INFO] [stderr]     Checking h2 v0.2.6
[INFO] [stderr]     Checking futures v0.3.5
[INFO] [stderr]     Checking iced_futures v0.1.2
[INFO] [stderr]     Checking iced_native v0.2.2
[INFO] [stderr]     Checking wgpu v0.4.0
[INFO] [stderr]     Checking wgpu_glyph v0.7.0
[INFO] [stderr]     Checking iced_winit v0.1.0
[INFO] [stderr]     Checking iced_wgpu v0.2.3
[INFO] [stderr]     Checking iced v0.1.1
[INFO] [stderr]     Checking hyper v0.13.7
[INFO] [stderr]     Checking hyper-tls v0.4.3
[INFO] [stderr]     Checking reqwest v0.10.7
[INFO] [stderr]     Checking transistor v1.0.0-beta.2
[INFO] [stderr]     Checking atm v0.1.0 (/opt/rustwide/workdir)
[INFO] [stdout] error[E0432]: unresolved import `crate::logic::extrat_id_password`
[INFO] [stdout]  --> src/db.rs:7:5
[INFO] [stdout]   |
[INFO] [stdout] 7 | use crate::logic::extrat_id_password;
[INFO] [stdout]   |     ^^^^^^^^^^^^^^------------------
[INFO] [stdout]   |     |             |
[INFO] [stdout]   |     |             help: a similar name exists in the module: `extract_id_password`
[INFO] [stdout]   |     no `extrat_id_password` in `logic`
[INFO] [stdout] 
[INFO] [stdout] 
[INFO] [stdout] error[E0425]: cannot find function `extract_id_password` in this scope
[INFO] [stdout]   --> src/db.rs:22:22
[INFO] [stdout]    |
[INFO] [stdout] 22 |     let (id, pswd) = extract_id_password(resp);
[INFO] [stdout]    |                      ^^^^^^^^^^^^^^^^^^^ not found in this scope
[INFO] [stdout]    |
[INFO] [stdout] help: consider importing this function
[INFO] [stdout]    |
[INFO] [stdout] 1  | use crate::logic::extract_id_password;
[INFO] [stdout]    |
[INFO] [stdout] 
[INFO] [stdout] 
[INFO] [stdout] error[E0425]: cannot find function `extract_id_password` in this scope
[INFO] [stdout]   --> src/db.rs:79:22
[INFO] [stdout]    |
[INFO] [stdout] 79 |     let (id, pswd) = extract_id_password(resp);
[INFO] [stdout]    |                      ^^^^^^^^^^^^^^^^^^^ not found in this scope
[INFO] [stdout]    |
[INFO] [stdout] help: consider importing this function
[INFO] [stdout]    |
[INFO] [stdout] 1  | use crate::logic::extract_id_password;
[INFO] [stdout]    |
[INFO] [stdout] 
[INFO] [stdout] 
[INFO] [stdout] error[E0425]: cannot find function `extract_id_password` in this scope
[INFO] [stdout]    --> src/db.rs:105:19
[INFO] [stdout]     |
[INFO] [stdout] 105 |     let (id, _) = extract_id_password(resp);
[INFO] [stdout]     |                   ^^^^^^^^^^^^^^^^^^^ not found in this scope
[INFO] [stdout]     |
[INFO] [stdout] help: consider importing this function
[INFO] [stdout]     |
[INFO] [stdout] 1   | use crate::logic::extract_id_password;
[INFO] [stdout]     |
[INFO] [stdout] 
[INFO] [stdout] 
[INFO] [stdout] error[E0432]: unresolved import `crate::logic::extrat_id_password`
[INFO] [stdout]  --> src/db.rs:7:5
[INFO] [stdout]   |
[INFO] [stdout] 7 | use crate::logic::extrat_id_password;
[INFO] [stdout]   |     ^^^^^^^^^^^^^^------------------
[INFO] [stdout]   |     |             |
[INFO] [stdout]   |     |             help: a similar name exists in the module: `extract_id_password`
[INFO] [stdout]   |     no `extrat_id_password` in `logic`
[INFO] [stdout] 
[INFO] [stdout] 
[INFO] [stdout] error[E0425]: cannot find function `extract_id_password` in this scope
[INFO] [stdout]   --> src/db.rs:22:22
[INFO] [stdout]    |
[INFO] [stdout] 22 |     let (id, pswd) = extract_id_password(resp);
[INFO] [stdout]    |                      ^^^^^^^^^^^^^^^^^^^ not found in this scope
[INFO] [stdout]    |
[INFO] [stdout] help: consider importing this function
[INFO] [stdout]    |
[INFO] [stdout] 1  | use crate::logic::extract_id_password;
[INFO] [stdout]    |
[INFO] [stdout] 
[INFO] [stdout] 
[INFO] [stdout] error[E0425]: cannot find function `extract_id_password` in this scope
[INFO] [stdout]   --> src/db.rs:79:22
[INFO] [stdout]    |
[INFO] [stdout] 79 |     let (id, pswd) = extract_id_password(resp);
[INFO] [stdout]    |                      ^^^^^^^^^^^^^^^^^^^ not found in this scope
[INFO] [stdout]    |
[INFO] [stdout] help: consider importing this function
[INFO] [stdout]    |
[INFO] [stdout] 1  | use crate::logic::extract_id_password;
[INFO] [stdout]    |
[INFO] [stdout] 
[INFO] [stdout] 
[INFO] [stdout] error[E0425]: cannot find function `extract_id_password` in this scope
[INFO] [stdout]    --> src/db.rs:105:19
[INFO] [stdout]     |
[INFO] [stdout] 105 |     let (id, _) = extract_id_password(resp);
[INFO] [stdout]     |                   ^^^^^^^^^^^^^^^^^^^ not found in this scope
[INFO] [stdout]     |
[INFO] [stdout] help: consider importing this function
[INFO] [stdout]     |
[INFO] [stdout] 1   | use crate::logic::extract_id_password;
[INFO] [stdout]     |
[INFO] [stdout] 
[INFO] [stdout] 
[INFO] [stdout] error[E0277]: the size for values of type `str` cannot be known at compilation time
[INFO] [stdout]   --> src/db.rs:22:14
[INFO] [stdout]    |
[INFO] [stdout] 22 |     let (id, pswd) = extract_id_password(resp);
[INFO] [stdout]    |              ^^^^ doesn't have a size known at compile-time
[INFO] [stdout]    |
[INFO] [stdout]    = help: the trait `std::marker::Sized` is not implemented for `str`
[INFO] [stdout]    = note: to learn more, visit <https://doc.rust-lang.org/book/ch19-04-advanced-types.html#dynamically-sized-types-and-the-sized-trait>
[INFO] [stdout]    = note: all local variables must have a statically known size
[INFO] [stdout]    = help: unsized locals are gated as an unstable feature
[INFO] [stdout] 
[INFO] [stdout] 
[INFO] [stdout] error[E0277]: the size for values of type `str` cannot be known at compilation time
[INFO] [stdout]   --> src/db.rs:79:14
[INFO] [stdout]    |
[INFO] [stdout] 79 |     let (id, pswd) = extract_id_password(resp);
[INFO] [stdout]    |              ^^^^ doesn't have a size known at compile-time
[INFO] [stdout]    |
[INFO] [stdout]    = help: the trait `std::marker::Sized` is not implemented for `str`
[INFO] [stdout]    = note: to learn more, visit <https://doc.rust-lang.org/book/ch19-04-advanced-types.html#dynamically-sized-types-and-the-sized-trait>
[INFO] [stdout]    = note: all local variables must have a statically known size
[INFO] [stdout]    = help: unsized locals are gated as an unstable feature
[INFO] [stdout] 
[INFO] [stdout] 
[INFO] [stdout] error[E0277]: the size for values of type `str` cannot be known at compilation time
[INFO] [stdout]   --> src/db.rs:22:14
[INFO] [stdout]    |
[INFO] [stdout] 22 |     let (id, pswd) = extract_id_password(resp);
[INFO] [stdout]    |              ^^^^ doesn't have a size known at compile-time
[INFO] [stdout]    |
[INFO] [stdout]    = help: the trait `std::marker::Sized` is not implemented for `str`
[INFO] [stdout]    = note: to learn more, visit <https://doc.rust-lang.org/book/ch19-04-advanced-types.html#dynamically-sized-types-and-the-sized-trait>
[INFO] [stdout]    = note: all local variables must have a statically known size
[INFO] [stdout]    = help: unsized locals are gated as an unstable feature
[INFO] [stdout] 
[INFO] [stdout] 
[INFO] [stdout] error[E0277]: the size for values of type `str` cannot be known at compilation time
[INFO] [stdout]   --> src/db.rs:79:14
[INFO] [stdout]    |
[INFO] [stdout] 79 |     let (id, pswd) = extract_id_password(resp);
[INFO] [stdout]    |              ^^^^ doesn't have a size known at compile-time
[INFO] [stdout]    |
[INFO] [stdout]    = help: the trait `std::marker::Sized` is not implemented for `str`
[INFO] [stdout]    = note: to learn more, visit <https://doc.rust-lang.org/book/ch19-04-advanced-types.html#dynamically-sized-types-and-the-sized-trait>
[INFO] [stdout]    = note: all local variables must have a statically known size
[INFO] [stdout]    = help: unsized locals are gated as an unstable feature
[INFO] [stdout] 
[INFO] [stdout] 
[INFO] [stdout] error: aborting due to 6 previous errors
[INFO] [stdout] 
[INFO] [stdout] 
[INFO] [stdout] Some errors have detailed explanations: E0277, E0425, E0432.
[INFO] [stdout] 
[INFO] [stdout] For more information about an error, try `rustc --explain E0277`.
[INFO] [stdout] 
[INFO] [stderr] error: could not compile `atm`.
[INFO] [stderr] 
[INFO] [stderr] To learn more, run the command again with --verbose.
[INFO] [stderr] warning: build failed, waiting for other jobs to finish...
[INFO] [stdout] error: aborting due to 6 previous errors
[INFO] [stdout] 
[INFO] [stdout] 
[INFO] [stdout] Some errors have detailed explanations: E0277, E0425, E0432.
[INFO] [stdout] 
[INFO] [stdout] For more information about an error, try `rustc --explain E0277`.
[INFO] [stdout] 
[INFO] [stderr] error: build failed
[INFO] running `Command { std: "docker" "inspect" "631dcd4eb2a8c4214df67b8338220cf1fbc056747fda40fc9987f2d32f589fa9", kill_on_drop: false }`
[INFO] running `Command { std: "docker" "rm" "-f" "631dcd4eb2a8c4214df67b8338220cf1fbc056747fda40fc9987f2d32f589fa9", kill_on_drop: false }`
[INFO] [stdout] 631dcd4eb2a8c4214df67b8338220cf1fbc056747fda40fc9987f2d32f589fa9
